e hundreds digit of 1220?
2
What is the units digit of 8241?
1
What is the thousands digit of 4915?
4
What is the hundreds digit of 206?
2
What is the hundreds digit of 13785?
7
What is the units digit of 168?
8
What is the hundreds digit of 86746?
7
What is the units digit of 7062?
2
What is the hundreds digit of 2712?
7
What is the tens digit of 1839?
3
What is the ten thousands digit of 68677?
6
What is the thousands digit of 61286?
1
What is the units digit of 6878?
8
What is the hundreds digit of 29861?
8
What is the units digit of 1990?
0
What is the thousands digit of 4360?
4
What is the ten thousands digit of 98551?
9
What is the thousands digit of 13334?
3
What is the units digit of 60969?
9
What is the thousands digit of 11191?
1
What is the ten thousands digit of 45208?
4
What is the tens digit of 882?
8
What is the thousands digit of 14780?
4
What is the hundreds digit of 14819?
8
What is the tens digit of 813?
1
What is the units digit of 498?
8
What is the hundreds digit of 2073?
0
What is the hundreds digit of 13819?
8
What is the thousands digit of 4066?
4
What is the thousands digit of 56081?
6
What is the hundreds digit of 14923?
9
What is the hundreds digit of 4028?
0
What is the thousands digit of 3678?
3
What is the tens digit of 211?
1
What is the hundreds digit of 1996?
9
What is the units digit of 4469?
9
What is the ten thousands digit of 76693?
7
What is the units digit of 4204?
4
What is the units digit of 783?
3
What is the tens digit of 1220?
2
What is the units digit of 2887?
7
What is the units digit of 10204?
4
What is the units digit of 71330?
0
What is the ten thousands digit of 49317?
4
What is the units digit of 1692?
2
What is the tens digit of 1339?
3
What is the hundreds digit of 45727?
7
What is the tens digit of 20118?
1
What is the thousands digit of 53647?
3
What is the hundreds digit of 64688?
6
What is the tens digit of 137394?
9
What is the units digit of 6408?
8
What is the hundreds digit of 862?
8
What is the tens digit of 5457?
5
What is the thousands digit of 3943?
3
What is the units digit of 6705?
5
What is the hundreds digit of 38623?
6
What is the thousands digit of 12590?
2
What is the hundreds digit of 2302?
3
What is the thousands digit of 4082?
4
What is the thousands digit of 7141?
7
What is the tens digit of 374?
7
What is the thousands digit of 19982?
9
What is the units digit of 623?
3
What is the tens digit of 20067?
6
What is the units digit of 169979?
9
What is the hundred thousands digit of 114853?
1
What is the tens digit of 34073?
7
What is the thousands digit of 64204?
4
What is the units digit of 897?
7
What is the hundreds digit of 8580?
5
What is the hundreds digit of 272?
2
What is the thousands digit of 45969?
5
What is the tens digit of 1360?
6
What is the hundreds digit of 22084?
0
What is the hundreds digit of 14128?
1
What is the thousands digit of 5637?
5
What is the ten thousands digit of 45821?
4
What is the tens digit of 38668?
6
What is the hundreds digit of 77744?
7
What is the tens digit of 30199?
9
What is the units digit of 13213?
3
What is the thousands digit of 60565?
0
What is the hundreds digit of 3544?
5
What is the tens digit of 2291?
9
What is the thousands digit of 7513?
7
What is the units digit of 1075?
5
What is the hundreds digit of 22484?
4
What is the tens digit of 9562?
6
What is the ten thousands digit of 115134?
1
What is the hundreds digit of 510?
5
What is the units digit of 744?
4
What is the units digit of 10400?
0
What is the units digit of 36846?
6
What is the tens digit of 47?
4
What is the thousands digit of 5120?
5
What is the units digit of 4546?
6
What is the units digit of 4095?
5
What is the units digit of 24261?
1
What is the ten thousands digit of 132180?
3
What is the tens digit of 1156?
5
What is the hundreds digit of 165?
1
What is the ten thousands digit of 28057?
2
What is the thousands digit of 12053?
2
What is the hundreds digit of 84665?
6
What is the tens digit of 3795?
9
What is the hundreds digit of 821?
8
What is the units digit of 2?
2
What is the units digit of 726?
6
What is the units digit of 2441?
1
What is the units digit of 8941?
1
What is the hundreds digit of 31003?
0
What is the thousands digit of 62931?
2
What is the hundreds digit of 2365?
3
What is the units digit of 1285?
5
What is the thousands digit of 1231?
1
What is the hundreds digit of 198?
1
What is the hundreds digit of 44280?
2
What is the tens digit of 1878?
7
What is the ten thousands digit of 113088?
1
What is the thousands digit of 1316?
1
What is the units digit of 16044?
4
What is the units digit of 2155?
5
What is the thousands digit of 1019?
1
What is the tens digit of 5346?
4
What is the hundreds digit of 28065?
0
What is the hundreds digit of 10960?
9
What is the hundreds digit of 50017?
0
What is the units digit of 619?
9
What is the ten thousands digit of 178436?
7
What is the units digit of 19008?
8
What is the thousands digit of 3532?
3
What is the thousands digit of 58057?
8
What is the tens digit of 3506?
0
What is the tens digit of 87461?
6
What is the tens digit of 1404?
0
What is the hundreds digit of 8446?
4
What is the thousands digit of 17690?
7
What is the units digit of 3315?
5
What is the hundreds digit of 31701?
7
What is the units digit of 1230?
0
What is the tens digit of 9756?
5
What is the thousands digit of 1540?
1
What is the units digit of 2553?
3
What is the tens digit of 258?
5
What is the units digit of 1396?
6
What is the tens digit of 364?
6
What is the units digit of 89318?
8
What is the units digit of 10432?
2
What is the units digit of 15757?
7
What is the hundreds digit of 8080?
0
What is the hundreds digit of 2369?
3
What is the tens digit of 34?
3
What is the tens digit of 216?
1
What is the hundreds digit of 26118?
1
What is the ten thousands digit of 29115?
2
What is the units digit of 31443?
3
What is the units digit of 1149?
9
What is the ten thousands digit of 20723?
2
What is the hundreds digit of 2330?
3
What is the hundreds digit of 10087?
0
What is the ten thousands digit of 14793?
1
What is the units digit of 72?
2
What is the thousands digit of 3031?
3
What is the units digit of 3760?
0
What is the hundreds digit of 2087?
0
What is the units digit of 27363?
3
What is the tens digit of 40232?
3
What is the hundreds digit of 41324?
3
What is the tens digit of 235?
3
What is the tens digit of 26890?
9
What is the ten thousands digit of 103780?
0
What is the tens digit of 1277?
7
What is the units digit of 36227?
7
What is the ten thousands digit of 72580?
7
What is the units digit of 1353?
3
What is the units digit of 18936?
6
What is the thousands digit of 98315?
8
What is the thousands digit of 55185?
5
What is the tens digit of 125891?
9
What is the thousands digit of 1164?
1
What is the ten thousands digit of 14835?
1
What is the hundreds digit of 2183?
1
What is the hundreds digit of 550?
5
What is the ten thousands digit of 56787?
5
What is the tens digit of 581?
8
What is the hundreds digit of 3205?
2
What is the units digit of 2216?
6
What is the units digit of 517?
7
What is the tens digit of 104?
0
What is the units digit of 9949?
9
What is the tens digit of 117?
1
What is the units digit of 41240?
0
What is the thousands digit of 3735?
3
What is the tens digit of 19184?
8
What is the thousands digit of 5984?
5
What is the units digit of 921?
1
What is the ten thousands digit of 18585?
1
What is the units digit of 34272?
2
What is the units digit of 57094?
4
What is the tens digit of 7668?
6
What is the ten thousands digit of 21333?
2
What is the thousands digit of 55921?
5
What is the units digit of 2665?
5
What is the ten thousands digit of 97889?
9
What is the hundreds digit of 469?
4
What is the units digit of 38168?
8
What is the thousands digit of 70542?
0
What is the hundreds digit of 2993?
9
What is the tens digit of 790?
9
What is the thousands digit of 6777?
6
What is the ten thousands digit of 75751?
7
What is the tens digit of 3493?
9
What is the ten thousands digit of 32423?
3
What is the thousands digit of 14403?
4
What is the tens digit of 175951?
5
What is the tens digit of 697?
9
What is the tens digit of 115201?
0
What is the tens digit of 96404?
0
What is th